ivide 2637108?
True
Is 46 a factor of 283494345?
False
Does 3 divide 23082373?
False
Does 16 divide 11873440?
True
Does 301 divide 2265763793?
False
Is 58 a factor of 1225168771?
False
Does 19 divide 1278951375?
False
Is 1544735572 a multiple of 255?
False
Does 5 divide 3646675?
True
Is 246 a factor of 144060016?
False
Does 570 divide 40105770?
True
Is 9619450 a multiple of 170?
True
Does 8 divide 20189344?
True
Is 82 a factor of 481645778?
True
Is 118 a factor of 35804740?
True
Does 14 divide 37599174?
False
Is 96 a factor of 230160480?
True
Is 95732538 a multiple of 10?
False
Is 39993509 a multiple of 1637?
False
Is 133087109 a multiple of 13?
False
Is 95 a factor of 113963515?
False
Does 3 divide 241466394?
True
Does 1119 divide 21263238?
True
Does 63 divide 79686216?
False
Is 360955588 a multiple of 43?
True
Does 166 divide 14891196?
True
Is 9 a factor of 114219132?
False
Is 82245142 a multiple of 586?
False
Is 77 a factor of 248760748?
False
Is 16 a factor of 837962688?
True
Is 8 a factor of 52934208?
True
Is 9266840 a multiple of 8?
True
Does 1223 divide 215409436?
True
Does 158 divide 538239166?
True
Is 143118264 a multiple of 12?
True
Is 374414653 a multiple of 20?
False
Is 252256845 a multiple of 14?
False
Is 3924233084 a multiple of 1132?
True
Is 23 a factor of 60851333?
False
Is 1015444 a multiple of 274?
True
Is 22 a factor of 253685216?
False
Is 81 a factor of 14576031?
True
Does 32 divide 506763784?
False
Is 569988819 a multiple of 4941?
True
Is 40 a factor of 2475094920?
True
Is 901 a factor of 52706063?
False
Is 15 a factor of 63913140?
True
Is 7919464 a multiple of 412?
True
Does 2107 divide 258379155?
False
Does 1375 divide 104919375?
True
Is 9 a factor of 542516785?
False
Is 81436101 a multiple of 169?
False
Does 66 divide 825792?
True
Is 548293125 a multiple of 2325?
True
Is 63653720 a multiple of 310?
False
Is 7750 a factor of 14731256?
False
Is 2864 a factor of 1777174985?
False
Does 9860 divide 850563040?
True
Does 18 divide 512116041?
False
Is 54695608 a multiple of 13?
False
Is 805 a factor of 1045997948?
False
Is 44206992 a multiple of 144?
True
Does 322 divide 734073726?
False
Is 139 a factor of 1112812?
False
Does 195 divide 93574455?
True
Is 17 a factor of 14284408?
False
Does 19 divide 331317554?
True
Is 215 a factor of 118532080?
True
Does 39 divide 394022889?
True
Is 15 a factor of 2986230?
True
Is 48 a factor of 116643408?
True
Is 643 a factor of 15200501?
False
Does 75 divide 313581856?
False
Does 2611 divide 1163693979?
True
Is 22 a factor of 138325396?
True
Does 30 divide 9092528?
False
Does 481 divide 87235732?
False
Is 309 a factor of 715473004?
False
Does 15 divide 122415183?
False
Is 225767843 a multiple of 53?
False
Is 258028134 a multiple of 202?
True
Does 55 divide 5749413?
False
Does 26 divide 35664610?
False
Does 1911 divide 57769530?
True
Is 1315815 a multiple of 4?
False
Is 3715748 a multiple of 339?
False
Is 871501692 a multiple of 1615?
False
Does 142 divide 28112592?
True
Does 267 divide 401931255?
False
Is 15 a factor of 399825?
True
Is 24403834 a multiple of 1559?
False
Is 115 a factor of 1223673600?
True
Is 1632 a factor of 1341091104?
True
Does 106 divide 8825666?
True
Is 15 a factor of 236573082?
False
Is 3595963 a multiple of 4?
False
Is 1893 a factor of 631593771?
True
Is 94146956 a multiple of 33?
False
Is 183807600 a multiple of 940?
True
Is 14120400 a multiple of 492?
True
Does 20 divide 129964380?
True
Does 26 divide 8029582?
False
Does 9 divide 20702541?
False
Is 2009 a factor of 1099211083?
False
Is 1134738816 a multiple of 8?
True
Is 55426308 a multiple of 29?
True
Is 72814003 a multiple of 1068?
False
Does 610 divide 72637776?
False
Is 116534984 a multiple of 107?
True
Is 170 a factor of 162144300?
True
Is 16266393 a multiple of 27?
True
Does 14 divide 28732152?
False
Is 1647 a factor of 34017138?
True
Does 42 divide 208720806?
True
Is 196523065 a multiple of 139?
True
Does 2028 divide 740491?
False
Does 865 divide 38650795?
True
Is 8331622 a multiple of 62?
True
Does 9 divide 3525687?
True
Is 97947837 a multiple of 213?
True
Is 8 a factor of 49812504?
True
Is 516 a factor of 18028008?
True
Does 1819 divide 5835352?
True
Is 11 a factor of 58556114?
False
Is 46 a factor of 5307839555?
False
Does 1505 divide 186052134?
False
Is 24071490 a multiple of 85?
True
Is 5 a factor of 84984883?
False
Does 2180 divide 193677740?
True
Is 220074196 a multiple of 5140?
False
Is 59268609 a multiple of 772?
False
Is 5 a factor of 10162727?
False
Is 14541714 a multiple of 33?
True
Is 342829884 a multiple of 22?
False
Is 3227 a factor of 615275955?
True
Is 97 a factor of 26206251?
False
Is 85 a factor of 1785899600?
False
Does 464 divide 539224144?
True
Is 106703662 a multiple of 949?
True
Is 25 a factor of 28268150?
True
Is 150465690 a multiple of 90?
True
Does 57 divide 101954988?
True
Is 380979840 a multiple of 24?
True
Does 513 divide 12300120?
False
Is 156 a factor of 759103332?
True
Is 101372581 a multiple of 9?
False
Is 368594243 a multiple of 19?
True
Is 411 a factor of 10001533?
False
Is 724 a factor of 21884348?
True
Is 1357 a factor of 5107389?
False
Is 319283800 a multiple of 68?
True
Is 2411 a factor of 2206930549?
True
Is 55274753 a multiple of 14?
False
Is 48844152 a multiple of 72?
True
Is 295270761 a multiple of 89?
True
Is 41659380 a multiple of 54?
True
Is 7 a factor of 10511862?
False
Does 744 divide 20858286?
False
Is 3036006 a multiple of 15?
False
Is 681 a factor of 193887597?
False
Is 30 a factor of 940038965?
False
Does 4251 divide 76981537?
False
Does 55 divide 21383010?
True
Is 619425693 a multiple of 117?
False
Does 10 divide 531568035?
False
Is 172630854 a multiple of 9?
True
Is 830624048 a multiple of 657?
False
Is 15512640 a multiple of 48?
True
Is 289245271 a multiple of 15?
False
Does 4 divide 29374445?
False
Does 24 divide 2867100?
False
Does 9 divide 35800603?
False
Is 346 a factor of 206369624?
True
Does 55 divide 819229950?
True
Does 200 divide 202018088?
False
Is 449 a factor of 18523046?
True
Is 416594846 a multiple of 9?
False
Does 74 divide 1701232324?
True
Is 9935567 a multiple of 152?
False
Does 14 divide 66286608?
False
Does 9544 divide 6788043356?
False
Does 84 divide 33281362?
False
Is 634930954 a multiple of 106?
False
Is 6058872 a multiple of 18?
True
Is 182714875 a multiple of 3243?
False
Is 8 a factor of 2889048?
True
Is 49535034 a multiple of 24?
False
Is 25452621 a multiple of 31?
False
Does 4 divide 157611789?
False
Is 1674502297 a multiple of 193?
False
Is 530969282 a multiple of 44?
False
Does 48 divide 19794672?
True
Is 225486480 a multiple of 12?
True
Is 71 a factor of 8709673?
False
Is 250351640 a multiple of 770?
True
Does 19 divide 701064660?
True
Is 38 a factor of 118015154?
False
Is 50357237 a multiple of 1260?
False
Is 26 a factor of 1179780160?
True
Does 29 divide 1787079908?
False
Does 1109 divide 187103826?
True
Is 18 a factor of 198368586?
True
Is 99090432 a multiple of 2028?
False
Is 21 a factor of 304772165?
False
Does 131 divide 24819391?
True
Is 329 a factor of 56941729?
False
Does 53 divide 144118883?
False
Does 28 divide 139259456?
True
Does 9 divide 173559146?
False
Does 310 divide 5943176?
False
Is 1289 a factor of 1620273?
True
Is 15 a factor of 6023453130?
True
Does 421 divide 542737202?
True
Is 14226520 a multiple of 308?
True
Is 32038800 a multiple of 15?
True
Is 8 a factor of 448927734?
False
Is 17024886 a multiple of 1301?
True
Is 2006 a factor of 1547824129?
False
Is 7438 a factor of 31684544?
False
Is 33891022 a multiple of 22?
True
Is 248 a factor of 82340281?
False
Is 128636631 a multiple of 437?
True
Does 270 divide 67115476?
False
Is 1586 a factor of 143677326?
True
Does 7 divide 48666352?
True
Is 9 a factor of 46941318?
True
Is 80 a factor of 32536380?
False
Is 230 a factor of 95373870?
True
Is 26 a factor of 43996290?
True
Is 4 a factor of 287644?
True
Does 5 divide 10575842?
False
Is 1133066279 a multiple of 29?
True
Is 24 a factor of 15068520?
True
Is 6178470 a multiple of 10?
True
Does 23 divide 1694939506?
True
Is 1480 a factor of 116921015?
False
Is 2353219380 a multiple of 180?
True
Does 185 divide 77554365?
False
Is 2519731310 a multiple of 67?
True
Is 387183744 a multiple of 24?
True
Is 596781 a mu